{"id":138,"date":"2024-11-26T14:17:54","date_gmt":"2024-11-26T14:17:54","guid":{"rendered":"http:\/\/dmsaktasotomotiv.com\/urunler\/?post_type=product&#038;p=138"},"modified":"2024-11-26T14:33:04","modified_gmt":"2024-11-26T14:33:04","slug":"41285167-debriyaj-merkezi-ust","status":"publish","type":"product","link":"http:\/\/dmsaktasotomotiv.com\/urunler\/index.php\/urun\/41285167-debriyaj-merkezi-ust\/","title":{"rendered":"41285167 &#8211; \u0130VECO DEBR\u0130YAJ MERKEZ\u0130 \u00dcST"},"content":{"rendered":"<p><img loading=\"lazy\" decoding=\"async\" class=\"alignnone size-medium wp-image-139\" src=\"http:\/\/dmsaktasotomotiv.com\/urunler\/wp-content\/uploads\/2024\/11\/cbb0dc3f-987c-4651-8ebd-55bacecc719e-135x300.jpg\" alt=\"\" width=\"135\" height=\"300\" srcset=\"http:\/\/dmsaktasotomotiv.com\/urunler\/wp-content\/uploads\/2024\/11\/cbb0dc3f-987c-4651-8ebd-55bacecc719e-135x300.jpg 135w, http:\/\/dmsaktasotomotiv.com\/urunler\/wp-content\/uploads\/2024\/11\/cbb0dc3f-987c-4651-8ebd-55bacecc719e-461x1024.jpg 461w, http:\/\/dmsaktasotomotiv.com\/urunler\/wp-content\/uploads\/2024\/11\/cbb0dc3f-987c-4651-8ebd-55bacecc719e-691x1536.jpg 691w, http:\/\/dmsaktasotomotiv.com\/urunler\/wp-content\/uploads\/2024\/11\/cbb0dc3f-987c-4651-8ebd-55bacecc719e-600x1333.jpg 600w, http:\/\/dmsaktasotomotiv.com\/urunler\/wp-content\/uploads\/2024\/11\/cbb0dc3f-987c-4651-8ebd-55bacecc719e.jpg 720w\" sizes=\"auto, (max-width: 135px) 100vw, 135px\" \/><\/p>\n","protected":false},"excerpt":{"rendered":"","protected":false},"featured_media":139,"comment_status":"open","ping_status":"closed","template":"","meta":[],"product_cat":[15,22],"product_tag":[74],"class_list":{"0":"post-138","1":"product","2":"type-product","3":"status-publish","4":"has-post-thumbnail","6":"product_cat-genel","7":"product_cat-sanziman","8":"product_tag-debriyaj-ust-merkez-iveco-41285167","9":"thunk-woo-product-list","10":"opn-qv-enable","11":"open-woo-hover-zoom","12":"open-single-product-tab-horizontal","13":"open-shadow-","14":"open-shadow-hover-","16":"first","17":"instock","18":"taxable","19":"shipping-taxable","20":"product-type-simple"},"_links":{"self":[{"href":"http:\/\/dmsaktasotomotiv.com\/urunler\/index.php\/wp-json\/wp\/v2\/product\/138","targetHints":{"allow":["GET"]}}],"collection":[{"href":"http:\/\/dmsaktasotomotiv.com\/urunler\/index.php\/wp-json\/wp\/v2\/product"}],"about":[{"href":"http:\/\/dmsaktasotomotiv.com\/urunler\/index.php\/wp-json\/wp\/v2\/types\/product"}],"replies":[{"embeddable":true,"href":"http:\/\/dmsaktasotomotiv.com\/urunler\/index.php\/wp-json\/wp\/v2\/comments?post=138"}],"wp:featuredmedia":[{"embeddable":true,"href":"http:\/\/dmsaktasotomotiv.com\/urunler\/index.php\/wp-json\/wp\/v2\/media\/139"}],"wp:attachment":[{"href":"http:\/\/dmsaktasotomotiv.com\/urunler\/index.php\/wp-json\/wp\/v2\/media?parent=138"}],"wp:term":[{"taxonomy":"product_cat","embeddable":true,"href":"http:\/\/dmsaktasotomotiv.com\/urunler\/index.php\/wp-json\/wp\/v2\/product_cat?post=138"},{"taxonomy":"product_tag","embeddable":true,"href":"http:\/\/dmsaktasotomotiv.com\/urunler\/index.php\/wp-json\/wp\/v2\/product_tag?post=138"}],"curies":[{"name":"wp","href":"https:\/\/api.w.org\/{rel}","templated":true}]}}